{"id":264,"date":"2025-07-20T20:29:52","date_gmt":"2025-07-20T18:29:52","guid":{"rendered":"https:\/\/www.simansour.ca\/?page_id=264"},"modified":"2025-07-21T01:40:44","modified_gmt":"2025-07-20T23:40:44","slug":"page-daccueil","status":"publish","type":"page","link":"https:\/\/www.simansour.ca\/","title":{"rendered":"Page d&#8217;accueil"},"content":{"rendered":"\n<div class=\"wp-block-group alignfull has-contrast-color has-text-color has-link-color wp-elements-c48053497625d04d9edf4365df44ac5f has-global-padding is-layout-constrained wp-container-core-group-is-layout-23b1a4dc wp-block-group-is-layout-constrained\" style=\"padding-top:var(--wp--preset--spacing--30);padding-right:var(--wp--preset--spacing--30);padding-bottom:var(--wp--preset--spacing--30);padding-left:var(--wp--preset--spacing--30)\">\n<div class=\"wp-block-group alignwide is-content-justification-space-between is-layout-flex wp-container-core-group-is-layout-b585a4aa wp-block-group-is-layout-flex\">\n<div class=\"wp-block-group is-layout-flex wp-container-core-group-is-layout-7a92790e wp-block-group-is-layout-flex\">\n\n\n<div class=\"wp-block-group is-vertical is-layout-flex wp-container-core-group-is-layout-30a70405 wp-block-group-is-layout-flex\"><h1 class=\"has-link-color wp-elements-d6202aa7d337f2ce08aedc8ed261a84e wp-block-site-title\"><a href=\"https:\/\/www.simansour.ca\" target=\"_self\" rel=\"home\">Simansour Inc<\/a><\/h1>\n\n<p class=\"wp-block-site-tagline has-small-font-size\">Building Tomorrow&#039;s Solutions Together<\/p><\/div>\n<\/div>\n\n\n<nav class=\"has-small-font-size is-responsive items-justified-right wp-block-navigation is-content-justification-right is-layout-flex wp-container-core-navigation-is-layout-f665d2b5 wp-block-navigation-is-layout-flex\" aria-label=\"Menu\" \n\t\t data-wp-interactive=\"core\/navigation\" data-wp-context='{\"overlayOpenedBy\":{\"click\":false,\"hover\":false,\"focus\":false},\"type\":\"overlay\",\"roleAttribute\":\"\",\"ariaLabel\":\"Menu\"}'><button aria-haspopup=\"dialog\" aria-label=\"Open menu\" class=\"wp-block-navigation__responsive-container-open\" \n\t\t\t\tdata-wp-on--click=\"actions.openMenuOnClick\"\n\t\t\t\tdata-wp-on--keydown=\"actions.handleMenuKeydown\"\n\t\t\t><svg width=\"24\" height=\"24\" xmlns=\"http:\/\/www.w3.org\/2000\/svg\" viewBox=\"0 0 24 24\" aria-hidden=\"true\" focusable=\"false\"><path d=\"M4 7.5h16v1.5H4z\"><\/path><path d=\"M4 15h16v1.5H4z\"><\/path><\/svg><\/button>\n\t\t\t\t<div class=\"wp-block-navigation__responsive-container\"  id=\"modal-1\" \n\t\t\t\tdata-wp-class--has-modal-open=\"state.isMenuOpen\"\n\t\t\t\tdata-wp-class--is-menu-open=\"state.isMenuOpen\"\n\t\t\t\tdata-wp-watch=\"callbacks.initMenu\"\n\t\t\t\tdata-wp-on--keydown=\"actions.handleMenuKeydown\"\n\t\t\t\tdata-wp-on--focusout=\"actions.handleMenuFocusout\"\n\t\t\t\ttabindex=\"-1\"\n\t\t\t>\n\t\t\t\t\t<div class=\"wp-block-navigation__responsive-close\" tabindex=\"-1\">\n\t\t\t\t\t\t<div class=\"wp-block-navigation__responsive-dialog\" \n\t\t\t\tdata-wp-bind--aria-modal=\"state.ariaModal\"\n\t\t\t\tdata-wp-bind--aria-label=\"state.ariaLabel\"\n\t\t\t\tdata-wp-bind--role=\"state.roleAttribute\"\n\t\t\t>\n\t\t\t\t\t\t\t<button aria-label=\"Close menu\" class=\"wp-block-navigation__responsive-container-close\" \n\t\t\t\tdata-wp-on--click=\"actions.closeMenuOnClick\"\n\t\t\t><svg xmlns=\"http:\/\/www.w3.org\/2000\/svg\" viewBox=\"0 0 24 24\" width=\"24\" height=\"24\" aria-hidden=\"true\" focusable=\"false\"><path d=\"m13.06 12 6.47-6.47-1.06-1.06L12 10.94 5.53 4.47 4.47 5.53 10.94 12l-6.47 6.47 1.06 1.06L12 13.06l6.47 6.47 1.06-1.06L13.06 12Z\"><\/path><\/svg><\/button>\n\t\t\t\t\t\t\t<div class=\"wp-block-navigation__responsive-container-content\" \n\t\t\t\tdata-wp-watch=\"callbacks.focusFirstElement\"\n\t\t\t id=\"modal-1-content\">\n\t\t\t\t\t\t\t\t<ul class=\"wp-block-navigation__container has-small-font-size is-responsive items-justified-right wp-block-navigation has-small-font-size\"><li class=\"has-small-font-size wp-block-navigation-item wp-block-navigation-link\"><a class=\"wp-block-navigation-item__content\"  href=\"https:\/\/www.simansour.ca\/\"><span class=\"wp-block-navigation-item__label\">Page d\u2019accueil<\/span><\/a><\/li><li class=\"has-small-font-size wp-block-navigation-item wp-block-navigation-link\"><a class=\"wp-block-navigation-item__content\"  href=\"https:\/\/www.simansour.ca\/index.php\/services\/\"><span class=\"wp-block-navigation-item__label\">Nos Services<\/span><\/a><\/li><li class=\"has-small-font-size wp-block-navigation-item wp-block-navigation-link\"><a class=\"wp-block-navigation-item__content\"  href=\"https:\/\/www.simansour.ca\/index.php\/contact\/\"><span class=\"wp-block-navigation-item__label\">Contact<\/span><\/a><\/li><\/ul>\n\t\t\t\t\t\t\t<\/div>\n\t\t\t\t\t\t<\/div>\n\t\t\t\t\t<\/div>\n\t\t\t\t<\/div><\/nav><\/div>\n<\/div>\n\n\n\n<div class=\"wp-block-cover\" style=\"min-height:100vh;aspect-ratio:unset;\"><img loading=\"lazy\" decoding=\"async\" width=\"1024\" height=\"613\" class=\"wp-block-cover__image-background wp-image-131\" alt=\"\" src=\"https:\/\/www.simansour.ca\/wp-content\/uploads\/2024\/03\/cropped-businessman-32136592-1024x613.jpg\" data-object-fit=\"cover\" srcset=\"https:\/\/www.simansour.ca\/wp-content\/uploads\/2024\/03\/cropped-businessman-32136592-1024x613.jpg 1024w, https:\/\/www.simansour.ca\/wp-content\/uploads\/2024\/03\/cropped-businessman-32136592-300x180.jpg 300w, https:\/\/www.simansour.ca\/wp-content\/uploads\/2024\/03\/cropped-businessman-32136592-768x460.jpg 768w, https:\/\/www.simansour.ca\/wp-content\/uploads\/2024\/03\/cropped-businessman-32136592-1536x920.jpg 1536w, https:\/\/www.simansour.ca\/wp-content\/uploads\/2024\/03\/cropped-businessman-32136592.jpg 2000w\" sizes=\"auto, (max-width: 1024px) 100vw, 1024px\" \/><span aria-hidden=\"true\" class=\"wp-block-cover__background has-background-dim wp-block-cover__gradient-background has-background-gradient\" style=\"background:linear-gradient(26deg,rgb(0,0,0) 0%,rgb(0,0,0) 47%,rgb(12,87,87) 100%)\"><\/span><div class=\"wp-block-cover__inner-container is-layout-flow wp-block-cover-is-layout-flow\">\n<main class=\"wp-block-group alignfull has-global-padding is-layout-constrained wp-container-core-group-is-layout-5a0bff97 wp-block-group-is-layout-constrained\" style=\"padding-top:var(--wp--preset--spacing--40);padding-right:20px;padding-bottom:var(--wp--preset--spacing--40);padding-left:20px\">\n<div class=\"wp-block-columns is-layout-flex wp-container-core-columns-is-layout-9fa5bd33 wp-block-columns-is-layout-flex\" style=\"padding-right:0;padding-left:0\">\n<div class=\"wp-block-column is-vertically-aligned-center is-layout-flow wp-block-column-is-layout-flow\">\n<h2 class=\"wp-block-heading has-text-align-center has-heading-text-color-color has-text-color has-link-color has-body-font-family wp-elements-4ad2e22369b459490d48479d3f1523ac\" style=\"font-size:clamp(27.894px, 1.743rem + ((1vw - 3.2px) * 1.971), 48px);font-style:normal;font-weight:600\"><strong>Votre partenaire de confiance pour la gestion et la s\u00e9curit\u00e9 de vos environnements IT<\/strong><\/h2>\n\n\n\n<blockquote class=\"wp-block-quote has-medium-font-size is-layout-flow wp-block-quote-is-layout-flow\">\n<p class=\"has-text-align-center has-heading-text-color-color has-text-color has-link-color has-large-font-size wp-elements-cede44f794d895564908bd359a751d7b\"><em>Building Tomorrow&#8217;s Solutions Together<\/em><\/p>\n<\/blockquote>\n\n\n\n<div class=\"wp-block-buttons is-content-justification-center is-layout-flex wp-container-core-buttons-is-layout-06d4de86 wp-block-buttons-is-layout-flex\" style=\"margin-top:var(--wp--preset--spacing--30);margin-bottom:var(--wp--preset--spacing--30)\">\n<div class=\"wp-block-button\"><a class=\"wp-block-button__link has-text-color has-background has-link-color has-border-color has-primary-border-color wp-element-button\" href=\"https:\/\/www.simansour.ca\/index.php\/contact\/\" style=\"border-width:1px;color:#ffffff;background-color:#ffffff00;padding-top:var(--wp--preset--spacing--10);padding-right:var(--wp--preset--spacing--30);padding-bottom:var(--wp--preset--spacing--10);padding-left:var(--wp--preset--spacing--30)\"><strong>Contactez-nous<\/strong><\/a><\/div>\n<\/div>\n<\/div>\n<\/div>\n<\/main>\n<\/div><\/div>\n\n\n\n<main class=\"wp-block-group animated fadeInUp about-us-section has-background has-global-padding is-layout-constrained wp-container-core-group-is-layout-322c0e5d wp-block-group-is-layout-constrained\" style=\"background:linear-gradient(135deg,rgb(0,0,0) 0%,rgb(40,40,40) 11%,rgb(45,51,46) 51%,rgb(30,27,27) 100%);margin-top:0;margin-bottom:0;padding-top:var(--wp--preset--spacing--50);padding-right:0;padding-bottom:var(--wp--preset--spacing--50);padding-left:0\">\n<div class=\"wp-block-group is-layout-flow wp-block-group-is-layout-flow\" style=\"padding-right:25px;padding-left:25px\">\n<div class=\"wp-block-columns are-vertically-aligned-center is-layout-flex wp-container-core-columns-is-layout-7fc3d43a wp-block-columns-is-layout-flex\">\n<div class=\"wp-block-column is-vertically-aligned-center is-layout-flow wp-block-column-is-layout-flow\">\n<figure class=\"wp-block-image size-full has-custom-border wp-duotone-unset-2\"><img loading=\"lazy\" decoding=\"async\" width=\"1280\" height=\"853\" src=\"https:\/\/www.simansour.ca\/wp-content\/uploads\/2024\/05\/idea-3085367_1280.jpg\" alt=\"\" class=\"wp-image-221\" style=\"border-radius:10px;object-fit:cover\" srcset=\"https:\/\/www.simansour.ca\/wp-content\/uploads\/2024\/05\/idea-3085367_1280.jpg 1280w, https:\/\/www.simansour.ca\/wp-content\/uploads\/2024\/05\/idea-3085367_1280-300x200.jpg 300w, https:\/\/www.simansour.ca\/wp-content\/uploads\/2024\/05\/idea-3085367_1280-1024x682.jpg 1024w\" sizes=\"auto, (max-width: 1280px) 100vw, 1280px\" \/><\/figure>\n<\/div>\n\n\n\n<div class=\"wp-block-column is-vertically-aligned-center is-layout-flow wp-block-column-is-layout-flow\">\n<p class=\"has-medium-font-size\">Chez&nbsp;<strong>Simansour Inc<\/strong>, nous vous accompagnons dans la gestion, la s\u00e9curisation et l\u2019optimisation de vos appareils et syst\u00e8mes d\u2019exploitation. Nos consultants certifi\u00e9s, experts en solutions Microsoft, vous guident dans le choix, l\u2019int\u00e9gration et l\u2019\u00e9volution des technologies Microsoft, pour une infrastructure fluide, performante et s\u00e9curis\u00e9e.<\/p>\n\n\n\n<div class=\"wp-block-buttons is-layout-flex wp-container-core-buttons-is-layout-531a9b47 wp-block-buttons-is-layout-flex\" style=\"margin-top:var(--wp--preset--spacing--30);margin-bottom:var(--wp--preset--spacing--30)\">\n<div class=\"wp-block-button\"><a class=\"wp-block-button__link has-heading-text-color-color has-text-color has-link-color wp-element-button\" style=\"border-style:none;border-width:0px;padding-right:var(--wp--preset--spacing--30);padding-left:var(--wp--preset--spacing--30)\">\u00c0 Propos<\/a><\/div>\n<\/div>\n<\/div>\n<\/div>\n<\/div>\n<\/main>\n\n\n\n<main class=\"wp-block-group animated fadeInUp team-section has-background has-global-padding is-layout-constrained wp-container-core-group-is-layout-b1aa8060 wp-block-group-is-layout-constrained\" style=\"background:linear-gradient(180deg,rgb(22,33,18) 0%,rgb(37,31,31) 36%,rgb(33,33,33) 67%,rgb(50,50,50) 100%);margin-top:0;margin-bottom:0;padding-top:var(--wp--preset--spacing--50);padding-right:20px;padding-bottom:var(--wp--preset--spacing--50);padding-left:20px\">\n<h2 class=\"wp-block-heading has-text-align-center has-heading-text-color-color has-text-color has-link-color has-body-font-family wp-elements-91fa71c550e0f0f6a40a0d6a1c958541\" style=\"margin-bottom:0;font-size:clamp(20px, 1.25rem + ((1vw - 3.2px) * 1.176), 32px);font-style:normal;font-weight:700\"><strong>Une \u00e9quipe d\u2019experts \u00e0 votre service<\/strong><\/h2>\n\n\n\n<p class=\"has-text-align-center has-medium-font-size\" style=\"margin-bottom:var(--wp--preset--spacing--30)\"><strong>Simansour Inc<\/strong>, c\u2019est avant tout une \u00e9quipe passionn\u00e9e par les technologies et d\u00e9di\u00e9e \u00e0 la r\u00e9ussite de ses clients. Forts d\u2019une solide exp\u00e9rience dans le domaine de la consultation IT, nous mettons notre expertise au service des PME, grandes entreprises et institutions publiques.<\/p>\n<\/main>\n\n\n\n<div class=\"wp-block-group has-base-background-color has-background has-global-padding is-layout-constrained wp-container-core-group-is-layout-0028ebca wp-block-group-is-layout-constrained\" style=\"padding-top:var(--wp--preset--spacing--50);padding-right:20px;padding-bottom:var(--wp--preset--spacing--50);padding-left:20px\">\n<h2 class=\"wp-block-heading has-text-align-center has-heading-text-color-color has-text-color has-link-color has-body-font-family wp-elements-cfb39c5df4fc2a321a1b4628cfe05ecf\" style=\"margin-bottom:0;font-size:clamp(20px, 1.25rem + ((1vw - 3.2px) * 1.176), 32px);font-style:normal;font-weight:700\"><strong>Nos services<\/strong><\/h2>\n\n\n\n<div class=\"wp-block-columns is-layout-flex wp-container-core-columns-is-layout-28f84493 wp-block-columns-is-layout-flex\">\n<div class=\"wp-block-column is-vertically-aligned-top has-border-radius has-primary-background-color has-background is-layout-flow wp-block-column-is-layout-flow\" style=\"padding-top:var(--wp--preset--spacing--30);padding-right:var(--wp--preset--spacing--30);padding-bottom:var(--wp--preset--spacing--30);padding-left:var(--wp--preset--spacing--30)\">\n<figure class=\"wp-block-image aligncenter size-full has-custom-border is-style-default image-has-background wp-duotone-rgb255255255-ccc-3\"><img decoding=\"async\" src=\"https:\/\/www.simansour.ca\/wp-content\/themes\/consultingwp\/assets\/images\/list.png\" alt=\"\" class=\"wp-image-13046\" style=\"border-style:none;border-width:0px;border-radius:0px\"\/><\/figure>\n\n\n\n<p class=\"has-text-align-center has-heading-text-color-color has-text-color has-link-color wp-elements-df7a437d4927f87157cd0ae0618cc59d\" style=\"font-size:clamp(14px, 0.875rem + ((1vw - 3.2px) * 0.392), 18px);font-style:normal;font-weight:600\"><strong><strong><a href=\"https:\/\/www.simansour.ca\/index.php\/services\/\" data-type=\"page\" data-id=\"82\">S\u00e9curit\u00e9 et conformit\u00e9<\/a><\/strong><\/strong><\/p>\n<\/div>\n\n\n\n<div class=\"wp-block-column is-vertically-aligned-top has-border-radius has-primary-background-color has-background is-layout-flow wp-block-column-is-layout-flow\" style=\"padding-top:var(--wp--preset--spacing--30);padding-right:var(--wp--preset--spacing--30);padding-bottom:var(--wp--preset--spacing--30);padding-left:var(--wp--preset--spacing--30)\">\n<figure class=\"wp-block-image aligncenter size-full has-custom-border is-style-default image-has-background wp-duotone-rgb255255255-ccc-4\"><img decoding=\"async\" src=\"https:\/\/www.simansour.ca\/wp-content\/themes\/consultingwp\/assets\/images\/users.png\" alt=\"\" class=\"wp-image-13047\" style=\"border-style:none;border-width:0px;border-radius:0px\"\/><\/figure>\n\n\n\n<p class=\"has-text-align-center has-heading-text-color-color has-text-color has-link-color wp-elements-4e1298bd0644d83b771a9079825b549b\" style=\"font-size:clamp(14px, 0.875rem + ((1vw - 3.2px) * 0.392), 18px);font-style:normal;font-weight:600\"><strong><strong><strong><a href=\"https:\/\/www.simansour.ca\/index.php\/services\/\" data-type=\"page\" data-id=\"82\">Gestion des appareils<\/a><\/strong><\/strong><\/strong><\/p>\n<\/div>\n\n\n\n<div class=\"wp-block-column has-border-radius has-primary-background-color has-background is-layout-flow wp-block-column-is-layout-flow\" style=\"padding-top:var(--wp--preset--spacing--30);padding-right:var(--wp--preset--spacing--30);padding-bottom:var(--wp--preset--spacing--30);padding-left:var(--wp--preset--spacing--30)\">\n<figure class=\"wp-block-image aligncenter size-full has-custom-border is-style-default image-has-background wp-duotone-fff-fff-5\"><img decoding=\"async\" src=\"https:\/\/www.simansour.ca\/wp-content\/themes\/consultingwp\/assets\/images\/chart.png\" alt=\"\" class=\"wp-image-13045\" style=\"border-style:none;border-width:0px;border-radius:0px\"\/><\/figure>\n\n\n\n<p class=\"has-text-align-center has-heading-text-color-color has-text-color has-link-color wp-elements-e4f86a26eaaa7632362021c4324ae3af\" style=\"font-size:clamp(14px, 0.875rem + ((1vw - 3.2px) * 0.392), 18px);font-style:normal;font-weight:600\"><strong><strong><strong><a href=\"https:\/\/www.simansour.ca\/index.php\/services\/\" data-type=\"page\" data-id=\"82\">Infrastructure et syst\u00e8mes<\/a><\/strong><\/strong><\/strong><\/p>\n<\/div>\n\n\n\n<div class=\"wp-block-column has-border-radius has-primary-background-color has-background is-layout-flow wp-block-column-is-layout-flow\" style=\"padding-top:var(--wp--preset--spacing--30);padding-right:var(--wp--preset--spacing--30);padding-bottom:var(--wp--preset--spacing--30);padding-left:var(--wp--preset--spacing--30)\">\n<figure class=\"wp-block-image aligncenter size-full has-custom-border is-style-default image-has-background wp-duotone-rgb255255255-ccc-6\"><img decoding=\"async\" src=\"https:\/\/www.simansour.ca\/wp-content\/themes\/consultingwp\/assets\/images\/signal.png\" alt=\"\" class=\"wp-image-13044\" style=\"border-style:none;border-width:0px;border-radius:0px\"\/><\/figure>\n\n\n\n<p class=\"has-text-align-center has-heading-text-color-color has-text-color has-link-color wp-elements-1a68465364ca0dc23274ee4f3584628a\" style=\"font-size:clamp(14px, 0.875rem + ((1vw - 3.2px) * 0.392), 18px);font-style:normal;font-weight:600\"><strong><strong><strong><strong><strong><a href=\"https:\/\/www.simansour.ca\/index.php\/services\/\" data-type=\"page\" data-id=\"82\">Licences Microsoft<\/a><\/strong><\/strong><\/strong><\/strong><\/strong><\/p>\n<\/div>\n<\/div>\n<\/div>\n\n\n\n<div class=\"wp-block-group has-background has-global-padding is-layout-constrained wp-container-core-group-is-layout-52009084 wp-block-group-is-layout-constrained\" style=\"background-color:#09211d;padding-top:var(--wp--preset--spacing--40);padding-right:var(--wp--preset--spacing--40);padding-bottom:var(--wp--preset--spacing--40);padding-left:var(--wp--preset--spacing--40)\">\n<div class=\"wp-block-columns are-vertically-aligned-center is-layout-flex wp-container-core-columns-is-layout-7fc3d43a wp-block-columns-is-layout-flex\">\n<div class=\"wp-block-column is-vertically-aligned-center is-layout-flow wp-block-column-is-layout-flow\">\n<h2 class=\"wp-block-heading has-heading-text-color-color has-text-color has-link-color wp-elements-a17093889a3a8a563053566a84f63720\" style=\"font-size:clamp(17.905px, 1.119rem + ((1vw - 3.2px) * 0.99), 28px);font-style:normal;font-weight:700\"><strong>Discutons de vos projets IT<\/strong><\/h2>\n\n\n\n<p class=\"has-medium-font-size\">Vous avez un besoin sp\u00e9cifique, un projet en t\u00eate ou simplement une question ? Notre \u00e9quipe est \u00e0 votre \u00e9coute.<\/p>\n\n\n\n<p class=\"has-medium-font-size\">Remplissez notre formulaire de contact, et nous vous r\u00e9pondrons dans les plus brefs d\u00e9lais.<\/p>\n<\/div>\n\n\n\n<div class=\"wp-block-column is-vertically-aligned-center is-layout-flow wp-block-column-is-layout-flow\">\n<figure class=\"wp-block-image size-full has-custom-border\"><img loading=\"lazy\" decoding=\"async\" width=\"2560\" height=\"1521\" src=\"https:\/\/www.simansour.ca\/wp-content\/uploads\/2024\/03\/laptop-2838921-scaled.jpg\" alt=\"\" class=\"wp-image-52\" style=\"border-radius:8px\" srcset=\"https:\/\/www.simansour.ca\/wp-content\/uploads\/2024\/03\/laptop-2838921-scaled.jpg 2560w, https:\/\/www.simansour.ca\/wp-content\/uploads\/2024\/03\/laptop-2838921-300x178.jpg 300w, https:\/\/www.simansour.ca\/wp-content\/uploads\/2024\/03\/laptop-2838921-1024x609.jpg 1024w, https:\/\/www.simansour.ca\/wp-content\/uploads\/2024\/03\/laptop-2838921-768x456.jpg 768w, https:\/\/www.simansour.ca\/wp-content\/uploads\/2024\/03\/laptop-2838921-1536x913.jpg 1536w, https:\/\/www.simansour.ca\/wp-content\/uploads\/2024\/03\/laptop-2838921-2048x1217.jpg 2048w\" sizes=\"auto, (max-width: 2560px) 100vw, 2560px\" \/><\/figure>\n<\/div>\n<\/div>\n\n\n\n<div class=\"wp-block-buttons is-content-justification-center is-layout-flex wp-container-core-buttons-is-layout-d8c0be80 wp-block-buttons-is-layout-flex\" style=\"margin-top:var(--wp--preset--spacing--40)\">\n<div class=\"wp-block-button\"><a class=\"wp-block-button__link wp-element-button\" href=\"https:\/\/www.simansour.ca\/index.php\/contact\/\">Prendre Rendez-vous<\/a><\/div>\n<\/div>\n<\/div>\n\n\n\n<div class=\"wp-block-group alignfull has-background-color has-global-padding is-layout-constrained wp-container-core-group-is-layout-5d2f8bdc wp-block-group-is-layout-constrained\" style=\"margin-top:0;margin-bottom:0;padding-top:var(--wp--preset--spacing--40);padding-right:var(--wp--preset--spacing--30);padding-bottom:var(--wp--preset--spacing--40);padding-left:var(--wp--preset--spacing--30)\">\n<div class=\"wp-block-group alignwide is-content-justification-space-between is-layout-flex wp-container-core-group-is-layout-b585a4aa wp-block-group-is-layout-flex\">\n<div class=\"wp-block-group is-layout-flex wp-block-group-is-layout-flex\"><nav class=\"has-small-font-size is-responsive items-justified-left wp-block-navigation is-content-justification-left is-layout-flex wp-container-core-navigation-is-layout-8eed085e wp-block-navigation-is-layout-flex\" aria-label=\"Menu 2\" \n\t\t data-wp-interactive=\"core\/navigation\" data-wp-context='{\"overlayOpenedBy\":{\"click\":false,\"hover\":false,\"focus\":false},\"type\":\"overlay\",\"roleAttribute\":\"\",\"ariaLabel\":\"Menu\"}'><button aria-haspopup=\"dialog\" aria-label=\"Open menu\" class=\"wp-block-navigation__responsive-container-open\" \n\t\t\t\tdata-wp-on--click=\"actions.openMenuOnClick\"\n\t\t\t\tdata-wp-on--keydown=\"actions.handleMenuKeydown\"\n\t\t\t><svg width=\"24\" height=\"24\" xmlns=\"http:\/\/www.w3.org\/2000\/svg\" viewBox=\"0 0 24 24\" aria-hidden=\"true\" focusable=\"false\"><path d=\"M4 7.5h16v1.5H4z\"><\/path><path d=\"M4 15h16v1.5H4z\"><\/path><\/svg><\/button>\n\t\t\t\t<div class=\"wp-block-navigation__responsive-container\"  id=\"modal-7\" \n\t\t\t\tdata-wp-class--has-modal-open=\"state.isMenuOpen\"\n\t\t\t\tdata-wp-class--is-menu-open=\"state.isMenuOpen\"\n\t\t\t\tdata-wp-watch=\"callbacks.initMenu\"\n\t\t\t\tdata-wp-on--keydown=\"actions.handleMenuKeydown\"\n\t\t\t\tdata-wp-on--focusout=\"actions.handleMenuFocusout\"\n\t\t\t\ttabindex=\"-1\"\n\t\t\t>\n\t\t\t\t\t<div class=\"wp-block-navigation__responsive-close\" tabindex=\"-1\">\n\t\t\t\t\t\t<div class=\"wp-block-navigation__responsive-dialog\" \n\t\t\t\tdata-wp-bind--aria-modal=\"state.ariaModal\"\n\t\t\t\tdata-wp-bind--aria-label=\"state.ariaLabel\"\n\t\t\t\tdata-wp-bind--role=\"state.roleAttribute\"\n\t\t\t>\n\t\t\t\t\t\t\t<button aria-label=\"Close menu\" class=\"wp-block-navigation__responsive-container-close\" \n\t\t\t\tdata-wp-on--click=\"actions.closeMenuOnClick\"\n\t\t\t><svg xmlns=\"http:\/\/www.w3.org\/2000\/svg\" viewBox=\"0 0 24 24\" width=\"24\" height=\"24\" aria-hidden=\"true\" focusable=\"false\"><path d=\"m13.06 12 6.47-6.47-1.06-1.06L12 10.94 5.53 4.47 4.47 5.53 10.94 12l-6.47 6.47 1.06 1.06L12 13.06l6.47 6.47 1.06-1.06L13.06 12Z\"><\/path><\/svg><\/button>\n\t\t\t\t\t\t\t<div class=\"wp-block-navigation__responsive-container-content\" \n\t\t\t\tdata-wp-watch=\"callbacks.focusFirstElement\"\n\t\t\t id=\"modal-7-content\">\n\t\t\t\t\t\t\t\t<ul class=\"wp-block-navigation__container has-small-font-size is-responsive items-justified-left wp-block-navigation has-small-font-size\"><li class=\"has-small-font-size wp-block-navigation-item wp-block-navigation-link\"><a class=\"wp-block-navigation-item__content\"  href=\"https:\/\/www.simansour.ca\/\"><span class=\"wp-block-navigation-item__label\">Page d\u2019accueil<\/span><\/a><\/li><li class=\"has-small-font-size wp-block-navigation-item wp-block-navigation-link\"><a class=\"wp-block-navigation-item__content\"  href=\"https:\/\/www.simansour.ca\/index.php\/services\/\"><span class=\"wp-block-navigation-item__label\">Nos Services<\/span><\/a><\/li><li class=\"has-small-font-size wp-block-navigation-item wp-block-navigation-link\"><a class=\"wp-block-navigation-item__content\"  href=\"https:\/\/www.simansour.ca\/index.php\/contact\/\"><span class=\"wp-block-navigation-item__label\">Contact<\/span><\/a><\/li><\/ul>\n\t\t\t\t\t\t\t<\/div>\n\t\t\t\t\t\t<\/div>\n\t\t\t\t\t<\/div>\n\t\t\t\t<\/div><\/nav><\/div>\n\n\n\n<p class=\"has-small-font-size\"><strong>Simansour Inc<\/strong><\/p>\n<\/div>\n<\/div>\n","protected":false},"excerpt":{"rendered":"<p>Chez&nbsp;Simansour Inc, nous vous accompagnons dans la gestion, la s\u00e9curisation et l\u2019optimisation de vos appareils et syst\u00e8mes d\u2019exploitation. Nos consultants certifi\u00e9s, experts en solutions Microsoft, vous guident dans le choix, l\u2019int\u00e9gration et l\u2019\u00e9volution des technologies Microsoft, pour une infrastructure fluide, performante et s\u00e9curis\u00e9e. Une \u00e9quipe d\u2019experts \u00e0 votre service Simansour Inc, c\u2019est avant tout une [&hellip;]<\/p>\n","protected":false},"author":2,"featured_media":0,"parent":0,"menu_order":0,"comment_status":"closed","ping_status":"closed","template":"","meta":{"footnotes":""},"class_list":["post-264","page","type-page","status-publish","hentry"],"featured_media_urls":[],"_links":{"self":[{"href":"https:\/\/www.simansour.ca\/index.php\/wp-json\/wp\/v2\/pages\/264","targetHints":{"allow":["GET"]}}],"collection":[{"href":"https:\/\/www.simansour.ca\/index.php\/wp-json\/wp\/v2\/pages"}],"about":[{"href":"https:\/\/www.simansour.ca\/index.php\/wp-json\/wp\/v2\/types\/page"}],"author":[{"embeddable":true,"href":"https:\/\/www.simansour.ca\/index.php\/wp-json\/wp\/v2\/users\/2"}],"replies":[{"embeddable":true,"href":"https:\/\/www.simansour.ca\/index.php\/wp-json\/wp\/v2\/comments?post=264"}],"version-history":[{"count":18,"href":"https:\/\/www.simansour.ca\/index.php\/wp-json\/wp\/v2\/pages\/264\/revisions"}],"predecessor-version":[{"id":393,"href":"https:\/\/www.simansour.ca\/index.php\/wp-json\/wp\/v2\/pages\/264\/revisions\/393"}],"wp:attachment":[{"href":"https:\/\/www.simansour.ca\/index.php\/wp-json\/wp\/v2\/media?parent=264"}],"curies":[{"name":"wp","href":"https:\/\/api.w.org\/{rel}","templated":true}]}}