{"id":343,"date":"2025-07-21T00:17:26","date_gmt":"2025-07-20T22:17:26","guid":{"rendered":"https:\/\/www.simansour.ca\/?page_id=343"},"modified":"2025-07-21T01:46:29","modified_gmt":"2025-07-20T23:46:29","slug":"services","status":"publish","type":"page","link":"https:\/\/www.simansour.ca\/index.php\/services\/","title":{"rendered":"Services"},"content":{"rendered":"\n<div class=\"wp-block-group has-tertiary-background-color has-background has-global-padding is-layout-constrained wp-container-core-group-is-layout-d672886d wp-block-group-is-layout-constrained\" style=\"margin-top:0;margin-bottom:0;padding-top:var(--wp--preset--spacing--50);padding-right:20px;padding-bottom:var(--wp--preset--spacing--50);padding-left:20px\">\n<div class=\"wp-block-group has-global-padding is-layout-constrained wp-block-group-is-layout-constrained\">\n<div class=\"wp-block-columns is-layout-flex wp-container-core-columns-is-layout-7b1dceec wp-block-columns-is-layout-flex\">\n<div class=\"wp-block-column is-layout-flow wp-block-column-is-layout-flow\">\n<div class=\"wp-block-cover hoverImageWrapper has-global-padding is-layout-constrained wp-block-cover-is-layout-constrained\" style=\"border-radius:10px;min-height:650px;aspect-ratio:unset;\"><img loading=\"lazy\" decoding=\"async\" width=\"682\" height=\"1024\" class=\"wp-block-cover__image-background wp-image-326 size-large\" alt=\"\" src=\"https:\/\/www.simansour.ca\/wp-content\/uploads\/2025\/07\/lamp-9585406_1280-682x1024.png\" data-object-fit=\"cover\" srcset=\"https:\/\/www.simansour.ca\/wp-content\/uploads\/2025\/07\/lamp-9585406_1280-682x1024.png 682w, https:\/\/www.simansour.ca\/wp-content\/uploads\/2025\/07\/lamp-9585406_1280-200x300.png 200w, https:\/\/www.simansour.ca\/wp-content\/uploads\/2025\/07\/lamp-9585406_1280-768x1152.png 768w, https:\/\/www.simansour.ca\/wp-content\/uploads\/2025\/07\/lamp-9585406_1280-600x900.png 600w, https:\/\/www.simansour.ca\/wp-content\/uploads\/2025\/07\/lamp-9585406_1280.png 853w\" sizes=\"auto, (max-width: 682px) 100vw, 682px\" \/><span aria-hidden=\"true\" class=\"wp-block-cover__background has-background-dim-0 has-background-dim\" style=\"background-color:#564e4f\"><\/span><div class=\"wp-block-cover__inner-container\"><\/div><\/div>\n<\/div>\n\n\n\n<div class=\"wp-block-column is-vertically-aligned-center is-layout-flow wp-container-core-column-is-layout-f5bb311e wp-block-column-is-layout-flow\">\n<h2 class=\"wp-block-heading has-link-color-color has-text-color has-link-color wp-elements-c7a47cda94b64a216c2b849c8fc19cf2\" style=\"font-size:clamp(25.014px, 1.563rem + ((1vw - 3.2px) * 1.665), 42px);font-style:normal;font-weight:700;line-height:1.2\">Des solutions Microsoft pour une gestion IT simplifi\u00e9e, s\u00e9curis\u00e9e et performante<\/h2>\n\n\n\n<div class=\"wp-block-group is-nowrap is-layout-flex wp-container-core-group-is-layout-a7f9386e wp-block-group-is-layout-flex\" style=\"margin-top:45px;margin-bottom:34px\">\n<div class=\"wp-block-group is-vertical is-layout-flex wp-container-core-group-is-layout-b5cd8a94 wp-block-group-is-layout-flex\">\n<p class=\"has-text-align-left has-contrast-color has-text-color has-link-color wp-elements-4fe38803b4955b8b99b08811fb7756b0\" style=\"border-style:none;border-width:0px;font-size:clamp(15.197px, 0.95rem + ((1vw - 3.2px) * 0.765), 23px);font-style:normal;font-weight:600\">Chez\u00a0<strong>Simansour Inc.<\/strong>, nous vous accompagnons dans la transformation num\u00e9rique de votre entreprise gr\u00e2ce \u00e0 une expertise approfondie des technologies Microsoft. <\/p>\n\n\n\n<p><\/p>\n\n\n\n<p class=\"has-text-align-left has-contrast-color has-text-color has-link-color wp-elements-9e623bc5ac1cf1615ec54c1ab3f9ae59\" style=\"border-style:none;border-width:0px;font-size:clamp(15.197px, 0.95rem + ((1vw - 3.2px) * 0.765), 23px);font-style:normal;font-weight:600\"><strong>Notre objectif :<\/strong> vous offrir des solutions efficaces, s\u00e9curis\u00e9es et parfaitement adapt\u00e9es \u00e0 vos besoins.<\/p>\n<\/div>\n<\/div>\n<\/div>\n<\/div>\n<\/div>\n<\/div>\n\n\n\n<div class=\"wp-block-group has-base-background-color has-background has-global-padding is-layout-constrained wp-container-core-group-is-layout-b2082ebc wp-block-group-is-layout-constrained\" style=\"margin-top:0;margin-bottom:0;padding-top:100px;padding-right:20px;padding-bottom:100px;padding-left:20px\">\n<div class=\"wp-block-group is-vertical is-content-justification-center is-layout-flex wp-container-core-group-is-layout-031ccbd7 wp-block-group-is-layout-flex\" style=\"margin-top:0;margin-bottom:0;padding-bottom:60px\">\n<h2 class=\"wp-block-heading has-link-color-color has-text-color has-link-color wp-elements-1a0596385ab2d3fc1f48bded8d6ddbc3\"><strong>Nos Solutions de Gestion des appareils et s\u00e9curit\u00e9<\/strong><\/h2>\n\n\n\n<p style=\"font-size:clamp(0.875rem, 0.875rem + ((1vw - 0.2rem) * 0.51), 1.2rem);\"><strong>Prot\u00e9gez vos donn\u00e9es, ma\u00eetrisez vos \u00e9quipements, et gagnez en efficacit\u00e9.<\/strong><\/p>\n<\/div>\n\n\n\n<div class=\"wp-block-group is-layout-grid wp-container-core-group-is-layout-0e82c502 wp-block-group-is-layout-grid\">\n<div class=\"wp-block-group has-background has-global-padding is-layout-constrained wp-container-core-group-is-layout-d8a87e06 wp-block-group-is-layout-constrained\" style=\"border-radius:10px;background:linear-gradient(333deg,rgb(189,231,255) 0%,rgb(255,255,255) 100%);padding-top:var(--wp--preset--spacing--30);padding-right:var(--wp--preset--spacing--20);padding-bottom:var(--wp--preset--spacing--30);padding-left:var(--wp--preset--spacing--20)\">\t\t    <div  id=gutentools-icon-box-block-c8e8ead7-8b93-48ec-809c-c5deb0ce0751 >\r\n\t\t\t\t<div class=\"gutentools-icon-box-wrapper\">\r\n\t\t\t\t\t<div class=\"gutentools-align-center gutentools-icon-box-content \" >\r\n\t\t\t\t\t\t<div class=\"gutentools-icon-box-icon\">\r\n\t\t\t\t\t\t\t\t\t\t\t\t\t\t\t<i class=\"fa fa-solid fa-mobile-screen\"><\/i>\r\n\t\t\t\t\t\t\t\t\t\t\t\t\t<\/div>\t\t\r\n\t\t\t\t\t\t<div class=\"icon-box-title-description\">\r\n\t\t\t\t\t\t\t\t\t\t\t\t\t\t\t\t\t\t\t\t<\/div>\r\n\t\t\t\t\t<\/div>\r\n\t\t\t\t<\/div>\t\t\t\t\r\n\t\t    <\/div>\r\n\t\t    \n\n\n<h3 class=\"wp-block-heading has-text-align-center has-primary-color has-text-color has-link-color has-mdm-large-font-size wp-elements-712286e6053022cb5e76719f15389cba\" style=\"margin-top:1.5rem;line-height:1.2\">Microsoft Intune<\/h3>\n\n\n\n<p class=\"has-text-align-center has-contrast-2-color has-text-color has-link-color wp-elements-241a0bab3a922cd57be3747ecc5c031b\"><em>Centralisez la gestion de vos appareils (Windows, macOS, iOS, Android) et assurez une productivit\u00e9 optimale sans compromis sur la s\u00e9curit\u00e9.<\/em><\/p>\n<\/div>\n\n\n\n<div class=\"wp-block-group has-background has-global-padding is-layout-constrained wp-container-core-group-is-layout-d8a87e06 wp-block-group-is-layout-constrained\" style=\"border-radius:10px;background:linear-gradient(333deg,rgb(189,231,255) 0%,rgb(255,255,255) 100%);padding-top:var(--wp--preset--spacing--30);padding-right:var(--wp--preset--spacing--20);padding-bottom:var(--wp--preset--spacing--30);padding-left:var(--wp--preset--spacing--20)\">\t\t    <div  id=gutentools-icon-box-block-7ce3561a-2443-4eeb-8179-1902b8aef633 >\r\n\t\t\t\t<div class=\"gutentools-icon-box-wrapper\">\r\n\t\t\t\t\t<div class=\"gutentools-align-center gutentools-icon-box-content \" >\r\n\t\t\t\t\t\t<div class=\"gutentools-icon-box-icon\">\r\n\t\t\t\t\t\t\t\t\t\t\t\t\t\t\t<i class=\"fa fa-solid fa-shield-halved\"><\/i>\r\n\t\t\t\t\t\t\t\t\t\t\t\t\t<\/div>\t\t\r\n\t\t\t\t\t\t<div class=\"icon-box-title-description\">\r\n\t\t\t\t\t\t\t\t\t\t\t\t\t\t\t\t\t\t\t\t<\/div>\r\n\t\t\t\t\t<\/div>\r\n\t\t\t\t<\/div>\t\t\t\t\r\n\t\t    <\/div>\r\n\t\t    \n\n\n<h3 class=\"wp-block-heading has-text-align-center has-primary-color has-text-color has-link-color has-mdm-large-font-size wp-elements-4362cb10fa4f1fe28b64997dbe1fead5\" style=\"margin-top:1.5rem;line-height:1.2\">Microsoft Defender<\/h3>\n\n\n\n<p class=\"has-text-align-center has-contrast-2-color has-text-color has-link-color wp-elements-65a24d866e0466e4a9b8920626c1e566\"><em>Une protection intelligente contre les menaces modernes : malwares, ransomwares, attaques cibl\u00e9es. Vos syst\u00e8mes restent int\u00e8gres et r\u00e9silients.<\/em><\/p>\n<\/div>\n\n\n\n<div class=\"wp-block-group has-background has-global-padding is-layout-constrained wp-container-core-group-is-layout-d8a87e06 wp-block-group-is-layout-constrained\" style=\"border-radius:10px;background:linear-gradient(333deg,rgb(189,231,255) 0%,rgb(255,255,255) 100%);padding-top:var(--wp--preset--spacing--30);padding-right:var(--wp--preset--spacing--20);padding-bottom:var(--wp--preset--spacing--30);padding-left:var(--wp--preset--spacing--20)\">\t\t    <div  id=gutentools-icon-box-block-112e1508-c884-4624-9fdb-b537ea8d1b98 >\r\n\t\t\t\t<div class=\"gutentools-icon-box-wrapper\">\r\n\t\t\t\t\t<div class=\"gutentools-align-center gutentools-icon-box-content \" >\r\n\t\t\t\t\t\t<div class=\"gutentools-icon-box-icon\">\r\n\t\t\t\t\t\t\t\t\t\t\t\t\t\t\t<i class=\"fa fa-solid fa-computer\"><\/i>\r\n\t\t\t\t\t\t\t\t\t\t\t\t\t<\/div>\t\t\r\n\t\t\t\t\t\t<div class=\"icon-box-title-description\">\r\n\t\t\t\t\t\t\t\t\t\t\t\t\t\t\t\t\t\t\t\t<\/div>\r\n\t\t\t\t\t<\/div>\r\n\t\t\t\t<\/div>\t\t\t\t\r\n\t\t    <\/div>\r\n\t\t    \n\n\n<h3 class=\"wp-block-heading has-text-align-center has-primary-color has-text-color has-link-color has-mdm-large-font-size wp-elements-42cdaa8e2725cd74b6f849b985adb29d\" style=\"margin-top:1.5rem;line-height:1.2\">Configuration Manager<\/h3>\n\n\n\n<p class=\"has-text-align-center has-contrast-2-color has-text-color has-link-color wp-elements-ba8848f4e08db7bb06e16dbc5897776c\"><em>Automatisez le d\u00e9ploiement de logiciels, les mises \u00e0 jour, et le suivi de vos configurations mat\u00e9rielles et logicielles.<\/em><\/p>\n<\/div>\n<\/div>\n<\/div>\n\n\n\n<div class=\"wp-block-group has-base-background-color has-background has-global-padding is-layout-constrained wp-container-core-group-is-layout-0028ebca wp-block-group-is-layout-constrained\" style=\"padding-top:var(--wp--preset--spacing--50);padding-right:20px;padding-bottom:var(--wp--preset--spacing--50);padding-left:20px\">\n<div class=\"wp-block-group is-vertical is-content-justification-center is-layout-flex wp-container-core-group-is-layout-031ccbd7 wp-block-group-is-layout-flex\" style=\"margin-top:0;margin-bottom:0;padding-bottom:60px\">\n<h2 class=\"wp-block-heading has-link-color-color has-text-color has-link-color wp-elements-79d7679dcaf50a2facfabe82bc829940\"><strong>&nbsp;Notre approche : un accompagnement structur\u00e9 et humain<\/strong><\/h2>\n\n\n\n<p class=\"has-text-align-center\" style=\"font-size:clamp(0.875rem, 0.875rem + ((1vw - 0.2rem) * 0.51), 1.2rem);\"><strong>Chez&nbsp;<strong>Simansour Inc.<\/strong>, nous croyons qu\u2019un projet technologique r\u00e9ussi repose sur une m\u00e9thode claire, une \u00e9coute active et une collaboration \u00e9troite avec vos \u00e9quipes. Voici comment nous vous accompagnons, \u00e9tape par \u00e9tape :<\/strong><\/p>\n<\/div>\n\n\n\n<div class=\"wp-block-group has-global-padding is-layout-constrained wp-block-group-is-layout-constrained\">\n<div class=\"wp-block-group has-global-padding is-layout-constrained wp-block-group-is-layout-constrained\">\n<div class=\"wp-block-columns is-layout-flex wp-container-core-columns-is-layout-28f84493 wp-block-columns-is-layout-flex\">\n<div class=\"wp-block-column has-border-radius has-background has-global-padding is-layout-constrained wp-container-core-column-is-layout-466948bd wp-block-column-is-layout-constrained\" style=\"background:linear-gradient(333deg,rgb(20,21,21) 0%,rgb(1,135,119) 100%);padding-top:var(--wp--preset--spacing--30);padding-right:var(--wp--preset--spacing--30);padding-bottom:var(--wp--preset--spacing--30);padding-left:var(--wp--preset--spacing--30)\">\n<p class=\"has-text-align-center has-heading-text-color-color has-text-color has-link-color wp-elements-0304bf21ac7af90bc74c1f9bf43f0980\" style=\"font-size:clamp(14px, 0.875rem + ((1vw - 3.2px) * 0.196), 16px);font-style:normal;font-weight:600\"><strong><strong>Audit &amp; Analyse de l\u2019environnement<\/strong><\/strong><\/p>\n\n\n\n<p class=\"has-text-align-center\" style=\"font-size:clamp(14px, 0.875rem + ((1vw - 3.2px) * 0.196), 16px);line-height:1.6\">Nous commen\u00e7ons par une \u00e9valuation compl\u00e8te de votre infrastructure IT. Objectif : identifier les points forts, les vuln\u00e9rabilit\u00e9s et les opportunit\u00e9s d\u2019optimisation. Vous recevez un rapport d\u00e9taill\u00e9 avec nos recommandations concr\u00e8tes.<\/p>\n<\/div>\n\n\n\n<div class=\"wp-block-column has-border-radius has-background has-global-padding is-layout-constrained wp-container-core-column-is-layout-466948bd wp-block-column-is-layout-constrained\" style=\"background:linear-gradient(333deg,rgb(20,21,21) 0%,rgb(1,135,119) 100%);padding-top:var(--wp--preset--spacing--30);padding-right:var(--wp--preset--spacing--30);padding-bottom:var(--wp--preset--spacing--30);padding-left:var(--wp--preset--spacing--30)\">\n<p class=\"has-text-align-center has-heading-text-color-color has-text-color has-link-color wp-elements-5642ad832436360ee07de7aa5b2888ec\" style=\"font-size:clamp(14px, 0.875rem + ((1vw - 3.2px) * 0.196), 16px);font-style:normal;font-weight:600\"><strong><strong>Analyse des besoins<\/strong><\/strong><\/p>\n\n\n\n<p class=\"has-text-align-center\" style=\"font-size:clamp(14px, 0.875rem + ((1vw - 3.2px) * 0.196), 16px);line-height:1.6\">Nous \u00e9changeons avec vos parties prenantes pour bien comprendre vos objectifs, vos contraintes, votre budget et votre vision \u00e0 long terme. Cette \u00e9tape garantit que nos solutions sont parfaitement align\u00e9es avec vos priorit\u00e9s.<\/p>\n<\/div>\n\n\n\n<div class=\"wp-block-column has-border-radius has-background has-global-padding is-layout-constrained wp-container-core-column-is-layout-466948bd wp-block-column-is-layout-constrained\" style=\"background:linear-gradient(333deg,rgb(20,21,21) 0%,rgb(1,135,119) 100%);padding-top:var(--wp--preset--spacing--30);padding-right:var(--wp--preset--spacing--30);padding-bottom:var(--wp--preset--spacing--30);padding-left:var(--wp--preset--spacing--30)\">\n<p class=\"has-text-align-center has-heading-text-color-color has-text-color has-link-color wp-elements-83159292983b9bdb1769e5c233532245\" style=\"font-size:clamp(14px, 0.875rem + ((1vw - 3.2px) * 0.196), 16px);font-style:normal;font-weight:600\"><strong><strong>Conception de l\u2019architecture<\/strong><\/strong><\/p>\n\n\n\n<p class=\"has-text-align-center\" style=\"font-size:clamp(14px, 0.875rem + ((1vw - 3.2px) * 0.196), 16px);line-height:1.6\">Nous concevons une architecture robuste, \u00e9volutive et s\u00e9curis\u00e9e, adapt\u00e9e \u00e0 votre environnement. Nous vous conseillons sur les technologies Microsoft les plus pertinentes pour r\u00e9pondre \u00e0 vos enjeux.<\/p>\n<\/div>\n<\/div>\n\n\n\n<p><\/p>\n\n\n\n<div class=\"wp-block-columns is-layout-flex wp-container-core-columns-is-layout-28f84493 wp-block-columns-is-layout-flex\">\n<div class=\"wp-block-column has-border-radius has-background has-global-padding is-layout-constrained wp-container-core-column-is-layout-466948bd wp-block-column-is-layout-constrained\" style=\"background:linear-gradient(333deg,rgb(20,21,21) 0%,rgb(1,135,119) 100%);padding-top:var(--wp--preset--spacing--30);padding-right:var(--wp--preset--spacing--30);padding-bottom:var(--wp--preset--spacing--30);padding-left:var(--wp--preset--spacing--30)\">\n<p class=\"has-text-align-center has-heading-text-color-color has-text-color has-link-color wp-elements-e889c35cd5bbedf26c354f92565e6566\" style=\"font-size:clamp(14px, 0.875rem + ((1vw - 3.2px) * 0.196), 16px);font-style:normal;font-weight:600\"><strong><strong><strong>Int\u00e9gration &amp; d\u00e9ploiement<\/strong><\/strong><\/strong><\/p>\n\n\n\n<p class=\"has-text-align-center\" style=\"font-size:clamp(14px, 0.875rem + ((1vw - 3.2px) * 0.196), 16px);line-height:1.6\">Nous assurons l\u2019int\u00e9gration fluide des solutions dans votre environnement existant. Configuration, personnalisation, tests et validation : tout est pris en charge pour un d\u00e9ploiement sans friction.<\/p>\n<\/div>\n\n\n\n<div class=\"wp-block-column has-border-radius has-background has-global-padding is-layout-constrained wp-container-core-column-is-layout-466948bd wp-block-column-is-layout-constrained\" style=\"background:linear-gradient(333deg,rgb(20,21,21) 0%,rgb(1,135,119) 100%);padding-top:var(--wp--preset--spacing--30);padding-right:var(--wp--preset--spacing--30);padding-bottom:var(--wp--preset--spacing--30);padding-left:var(--wp--preset--spacing--30)\">\n<p class=\"has-text-align-center has-heading-text-color-color has-text-color has-link-color wp-elements-59f83daca1517526dec81fa452afceff\" style=\"font-size:clamp(14px, 0.875rem + ((1vw - 3.2px) * 0.196), 16px);font-style:normal;font-weight:600\"><strong>Mise en op\u00e9ration &amp; transfert de connaissances<\/strong><\/p>\n\n\n\n<p class=\"has-text-align-center\" style=\"font-size:clamp(14px, 0.875rem + ((1vw - 3.2px) * 0.196), 16px);line-height:1.6\">Nous mettons les solutions en production et formons vos \u00e9quipes aux outils et aux bonnes pratiques. Vous gagnez en autonomie tout en restant soutenu par notre expertise.<\/p>\n<\/div>\n\n\n\n<div class=\"wp-block-column has-border-radius has-background has-global-padding is-layout-constrained wp-container-core-column-is-layout-466948bd wp-block-column-is-layout-constrained\" style=\"background:linear-gradient(333deg,rgb(20,21,21) 0%,rgb(1,135,119) 100%);padding-top:var(--wp--preset--spacing--30);padding-right:var(--wp--preset--spacing--30);padding-bottom:var(--wp--preset--spacing--30);padding-left:var(--wp--preset--spacing--30)\">\n<p class=\"has-text-align-center has-heading-text-color-color has-text-color has-link-color wp-elements-15234f7287c173f7ba5be51620a08cab\" style=\"font-size:clamp(14px, 0.875rem + ((1vw - 3.2px) * 0.196), 16px);font-style:normal;font-weight:600\"><strong>Collaboration avec vos \u00e9quipes<\/strong><\/p>\n\n\n\n<p class=\"has-text-align-center\" style=\"font-size:clamp(14px, 0.875rem + ((1vw - 3.2px) * 0.196), 16px);line-height:1.6\">Nous travaillons main dans la main avec vos \u00e9quipes internes, en nous adaptant \u00e0 votre culture d\u2019entreprise et \u00e0 vos m\u00e9thodes de travail. Notre objectif : une adoption r\u00e9ussie et durable des nouvelles technologies.<\/p>\n<\/div>\n<\/div>\n<\/div>\n<\/div>\n<\/div>\n\n\n\n<hr class=\"wp-block-separator has-alpha-channel-opacity is-style-wide\"\/>\n\n\n\n<div class=\"wp-block-cover\" style=\"margin-top:0;margin-bottom:0;padding-top:var(--wp--preset--spacing--50);padding-right:20px;padding-bottom:var(--wp--preset--spacing--50);padding-left:20px;min-height:700px;aspect-ratio:unset;\"><span aria-hidden=\"true\" class=\"wp-block-cover__background has-base-background-color has-background-dim-100 has-background-dim\"><\/span><div class=\"wp-block-cover__inner-container has-global-padding is-layout-constrained wp-container-core-cover-is-layout-b1aa8060 wp-block-cover-is-layout-constrained\">\n<div class=\"wp-block-group has-global-padding is-layout-constrained wp-container-core-group-is-layout-e0082cf6 wp-block-group-is-layout-constrained\">\n<h2 class=\"wp-block-heading has-text-align-center\" style=\"padding-bottom:var(--wp--preset--spacing--30);font-size:clamp(25.014px, 1.563rem + ((1vw - 3.2px) * 1.665), 42px);font-style:normal;font-weight:700;line-height:1.2\">Une solution 3-en-1 pour vos licences Microsoft<\/h2>\n\n\n\n<p><\/p>\n\n\n\n<ul style=\"padding-top:var(--wp--preset--spacing--20);padding-bottom:var(--wp--preset--spacing--20)\" class=\"wp-block-list\">\n<li class=\"has-link-color-color has-text-color has-link-color wp-elements-e44c63f76444e170bf843997f6a3061f\" style=\"margin-top:var(--wp--preset--spacing--10);margin-bottom:var(--wp--preset--spacing--10);font-size:clamp(0.929rem, 0.929rem + ((1vw - 0.2rem) * 0.739), 1.4rem);\"><strong>Prise de besoin<\/strong><br>Nous identifions les licences r\u00e9ellement n\u00e9cessaires \u00e0 votre activit\u00e9.<\/li>\n\n\n\n<li class=\"has-link-color-color has-text-color has-link-color wp-elements-84efaee1f5712024f163ff459746a5cd\" style=\"margin-top:var(--wp--preset--spacing--10);margin-bottom:var(--wp--preset--spacing--10);font-size:clamp(0.929rem, 0.929rem + ((1vw - 0.2rem) * 0.739), 1.4rem);\"><strong>Fourniture des licences<\/strong><br>Vous b\u00e9n\u00e9ficiez des licences Microsoft sans frais suppl\u00e9mentaires via un partenaire Microsoft certifi\u00e9<\/li>\n\n\n\n<li class=\"has-link-color-color has-text-color has-link-color wp-elements-647cdd160a1a0dea1d545b1e229252fd\" style=\"font-size:clamp(0.929rem, 0.929rem + ((1vw - 0.2rem) * 0.739), 1.4rem);\"><strong>Gestion proactive et continue<\/strong><br>Suivi, renouvellement et optimisation de vos licences pour \u00e9viter les pertes et les doublons.<\/li>\n<\/ul>\n\n\n\n<p class=\"has-contrast-color has-text-color has-link-color wp-elements-f8ad3c9e2d1d30b5d9d4cfe0f1f1e442\" style=\"font-size:clamp(0.875rem, 0.875rem + ((1vw - 0.2rem) * 0.667), 1.3rem);\"><strong><em>***<strong>Une solution simple, transparente et \u00e9conomiq<\/strong>ue au prix des licences sans aucun frais de gestion.<\/em><\/strong><\/p>\n\n\n\n<p><\/p>\n<\/div>\n<\/div><\/div>\n\n\n\n<hr class=\"wp-block-separator has-alpha-channel-opacity is-style-dots\"\/>\n\n\n\n<div class=\"wp-block-group has-global-padding is-layout-constrained wp-block-group-is-layout-constrained\">\n<div class=\"wp-block-cover wow animate__animated animate__fadeIn\" style=\"margin-top:0;margin-bottom:0;padding-top:100px;padding-right:20px;padding-bottom:100px;padding-left:20px;min-height:500px;aspect-ratio:unset;\"><img loading=\"lazy\" decoding=\"async\" width=\"1024\" height=\"682\" class=\"wp-block-cover__image-background wp-image-334 size-large\" alt=\"\" src=\"https:\/\/www.simansour.ca\/wp-content\/uploads\/2025\/07\/data-protection-4394633_1280-1024x682.jpg\" data-object-fit=\"cover\" srcset=\"https:\/\/www.simansour.ca\/wp-content\/uploads\/2025\/07\/data-protection-4394633_1280-1024x682.jpg 1024w, https:\/\/www.simansour.ca\/wp-content\/uploads\/2025\/07\/data-protection-4394633_1280-300x200.jpg 300w, https:\/\/www.simansour.ca\/wp-content\/uploads\/2025\/07\/data-protection-4394633_1280-768x512.jpg 768w, https:\/\/www.simansour.ca\/wp-content\/uploads\/2025\/07\/data-protection-4394633_1280-600x400.jpg 600w, https:\/\/www.simansour.ca\/wp-content\/uploads\/2025\/07\/data-protection-4394633_1280-1200x800.jpg 1200w, https:\/\/www.simansour.ca\/wp-content\/uploads\/2025\/07\/data-protection-4394633_1280.jpg 1280w\" sizes=\"auto, (max-width: 1024px) 100vw, 1024px\" \/><span aria-hidden=\"true\" class=\"wp-block-cover__background has-background-dim-80 has-background-dim wp-block-cover__gradient-background has-background-gradient\" style=\"background:linear-gradient(333deg,rgb(20,21,21) 0%,rgb(1,135,119) 100%)\"><\/span><div class=\"wp-block-cover__inner-container has-global-padding is-layout-constrained wp-container-core-cover-is-layout-dd63fd8e wp-block-cover-is-layout-constrained\">\n<div class=\"wp-block-group has-global-padding is-layout-constrained wp-block-group-is-layout-constrained\">\n<div class=\"wp-block-columns are-vertically-aligned-center is-layout-flex wp-container-core-columns-is-layout-28f84493 wp-block-columns-is-layout-flex\">\n<div class=\"wp-block-column is-vertically-aligned-center is-layout-flow wp-block-column-is-layout-flow\">\n<h1 class=\"wp-block-heading has-white-color has-text-color has-link-color wp-elements-9fa48f4d0853a7d17127c3a7ef247e88\" style=\"padding-right:var(--wp--preset--spacing--50);padding-bottom:0;font-size:clamp(25.014px, 1.563rem + ((1vw - 3.2px) * 1.665), 42px);font-style:normal;font-weight:700;line-height:1.2\">Pourquoi choisir <strong>Simansour Inc ?<\/strong><\/h1>\n\n\n\n<div class=\"wp-block-buttons is-content-justification-left is-layout-flex wp-container-core-buttons-is-layout-f10287d0 wp-block-buttons-is-layout-flex\" style=\"padding-top:var(--wp--preset--spacing--20)\">\n<div class=\"wp-block-button\"><a class=\"wp-block-button__link has-primary-background-color has-background wp-element-button\" style=\"border-radius:0px\">CONTACT US<\/a><\/div>\n<\/div>\n<\/div>\n\n\n\n<div class=\"wp-block-column is-vertically-aligned-center is-layout-flow wp-block-column-is-layout-flow\">\n<ul style=\"font-size:clamp(1.039rem, 1.039rem + ((1vw - 0.2rem) * 0.88), 1.6rem);\" class=\"wp-block-list banner-subdescription has-link-color-color has-text-color has-link-color wp-elements-51e0b4a190257900da3a0ed11c8d852c\">\n<li><strong>Expertise certifi\u00e9e Microsoft<\/strong><\/li>\n\n\n\n<li><strong>Approche humaine et personnalis\u00e9e<\/strong><\/li>\n\n\n\n<li><strong>Support r\u00e9actif et accompagnement continu<\/strong><\/li>\n\n\n\n<li><strong>Solutions s\u00e9curis\u00e9es, \u00e9volutives et adapt\u00e9es \u00e0 votre r\u00e9alit\u00e9<\/strong><\/li>\n<\/ul>\n<\/div>\n<\/div>\n<\/div>\n<\/div><\/div>\n<\/div>\n","protected":false},"excerpt":{"rendered":"<p>&nbsp;Notre approche : un accompagnement structur\u00e9 et humain Chez&nbsp;Simansour Inc., nous croyons qu\u2019un projet technologique r\u00e9ussi repose sur une m\u00e9thode claire, une \u00e9coute active et une collaboration \u00e9troite avec vos \u00e9quipes. Voici comment nous vous accompagnons, \u00e9tape par \u00e9tape : Audit &amp; Analyse de l\u2019environnement Nous commen\u00e7ons par une \u00e9valuation compl\u00e8te de votre infrastructure IT. [&hellip;]<\/p>\n","protected":false},"author":2,"featured_media":0,"parent":0,"menu_order":0,"comment_status":"closed","ping_status":"closed","template":"","meta":{"footnotes":""},"class_list":["post-343","page","type-page","status-publish","hentry"],"featured_media_urls":[],"_links":{"self":[{"href":"https:\/\/www.simansour.ca\/index.php\/wp-json\/wp\/v2\/pages\/343","targetHints":{"allow":["GET"]}}],"collection":[{"href":"https:\/\/www.simansour.ca\/index.php\/wp-json\/wp\/v2\/pages"}],"about":[{"href":"https:\/\/www.simansour.ca\/index.php\/wp-json\/wp\/v2\/types\/page"}],"author":[{"embeddable":true,"href":"https:\/\/www.simansour.ca\/index.php\/wp-json\/wp\/v2\/users\/2"}],"replies":[{"embeddable":true,"href":"https:\/\/www.simansour.ca\/index.php\/wp-json\/wp\/v2\/comments?post=343"}],"version-history":[{"count":12,"href":"https:\/\/www.simansour.ca\/index.php\/wp-json\/wp\/v2\/pages\/343\/revisions"}],"predecessor-version":[{"id":396,"href":"https:\/\/www.simansour.ca\/index.php\/wp-json\/wp\/v2\/pages\/343\/revisions\/396"}],"wp:attachment":[{"href":"https:\/\/www.simansour.ca\/index.php\/wp-json\/wp\/v2\/media?parent=343"}],"curies":[{"name":"wp","href":"https:\/\/api.w.org\/{rel}","templated":true}]}}